- 3. Calculate the remainder when 215 is divided by p(2).
26
Suppose -4*x = -3*k + 539, -4*x = -k + 74 + 103. Calculate the remainder when k is divided by 62.
57
Let l = -114 + 179. Let v = l - 36. Calculate the remainder when 86 is divided by v.
28
Let j(p) = 3*p**2 + p - 6. Calculate the remainder when 203 is divided by j(3).
11
Let d(v) = -v**2 + 9*v - 4. Suppose -2*i - w = -10, -5*i - 2*w = -0*w - 24. What is the remainder when d(i) is divided by 6?
4
Let b = 71 - 72. What is the remainder when (450/(-27))/(b/3) is divided by 17?
16
What is the remainder when 87 is divided by 34 + -28 - 34/(3 + -5)?
18
Let m be (-1 + 10 + -2)*-1. Let l(g) = -2*g - 9. Let y be l(m). Let u(f) = f**3 - 6*f**2 + 7*f - 6. What is the remainder when u(y) is divided by 2?
0
Let d = 68 - 67. Suppose 2*t + 2*t + 132 = 4*f, -4*f + 108 = 2*t. What is the remainder when 1 + -2 + 114/d is divided by f?
26
Calculate the remainder when 94 is divided by -2 - (-4 + (-23 - 4) - -1).
10
Let f be 414/21 - (2 - 32/14). Let s = f - 16. Calculate the remainder when 19 is divided by s.
3
Let t(r) = -r**3 + 11*r**2 - 11*r + 9. Let y be t(9). Let z = y - 53. Calculate the remainder when z is divided by 10.
9
Suppose -2 = 2*o - p - 1, -2*o + 4*p - 10 = 0. Let y = -33 - -35. What is the remainder when y is divided by o?
0
What is the remainder when (-3356)/12*(-12 + 9) is divided by 56?
55
Suppose -2734*v + 60 = -2722*v. Let s = -12 - -28. What is the remainder when s is divided by v?
1
Suppose 0 = -8*i + 3*i. Suppose i = -2*y + 43 + 21. Calculate the remainder when 95 is divided by y.
31
Let u(s) be the third derivative of 29*s**4/24 - 25*s**3/6 - 26*s**2. Calculate the remainder when u(8) is divided by 42.
39
Let x(h) = h**2 + 2*h + 5. Let g be x(0). Suppose -3*c - 32 = g*t, c = -2*t + 6*t + 12. Let u(y) = -y + 5. What is the remainder when 34 is divided by u(c)?
7
Let z = -247 + 134. Let r be (-1166)/(-6) - 2/6. Let i = z + r. Calculate the remainder when i is divided by 14.
11
Let g(t) = -t + 0 - 4 + 2. Suppose 5 = 4*d + 37. Calculate the remainder when 21 is divided by g(d).
3
Calculate the remainder when (5 + -2)*(1 + 1344/9) is divided by 91.
87
Let x(h) = -h**2 + h + 4. Let j be x(-4). Let b = j + 10. Let w = b - -12. What is the remainder when w is divided by 3?
0
Let j(i) = 236*i**2 - 5*i + 5. Let w be j(1). Suppose 4*h = w + 104. What is the remainder when h is divided by 24?
13
Let i be -20 - -2 - (-6)/6. Let j = i - -34. Calculate the remainder when 33 is divided by j.
16
Let c(p) = 2*p**3 + 68*p**2 + 66*p + 16. What is the remainder when 429 is divided by c(-33)?
13
Let f(l) = l**2 - 2*l + 2. Let o be f(0). Let s = o - -15. Calculate the remainder when s is divided by 4.
1
Suppose -763 = -71*v + 64*v. Let t = -74 + v. Calculate the remainder when 277 is divided by t.
32
Let h(n) = 9*n - 12. Calculate the remainder when 107 is divided by h(2).
5
Suppose 3*h = 731 - 2. Let g = h + -559. Calculate the remainder when g/(-20) + (-2)/(-10) is divided by 9.
7
Calculate the remainder when 20 - (11 + -3)/(-4) is divided by 35/245 - ((-55)/7 + 0).
6
Let c = -34 + 15. Let k = c + 38. Calculate the remainder when 55 is divided by k.
17
Calculate the remainder when -2 + 12715/105 - 18/189 is divided by 41.
37
Let f(d) = -d**2 + 6*d - 7. Suppose -b + 12 = 3*b. Let t = 1 - 0. What is the remainder when f(b) is divided by t?
0
Suppose 4*f - 50 = -f. Let s = 26 - f. Suppose -p + 1 = -s. What is the remainder when 65 is divided by p?
14
Suppose 5*a - 4*q = -350, 3*a = -0*a - 5*q - 173. Let z = a - -122. Calculate the remainder when z is divided by 15.
11
Suppose -5*k = -3*r + 50, 2*k + 52 - 5 = 3*r. Let c = 13 + 2. Calculate the remainder when (-5)/r + 170/6 is divided by c.
13
Suppose -2*d = -2 + 8, 3*d + 114 = 3*i. Calculate the remainder when (0 + 1)*4 + i is divided by 22.
17
Let o be (6/15)/(((-2)/10)/1). Calculate the remainder when (3 + o)/(8/40) is divided by 2.
1
Suppose 36*p = 48*p - 2484. What is the remainder when p is divided by 42?
39
Suppose 0 = a + 3*b + 8, 4*b + 7 + 1 = -2*a. Let n(x) = 4*x + x + 25 + 56 - a*x. What is the remainder when n(0) is divided by 28?
25
Suppose -2*x - 2 = -x. Let q = -4 + x. What is the remainder when q/(-9)*846/12 is divided by 25?
22
Let m be (26 + -1)/(3/12). Suppose 0*b = -5*b + m. Suppose 0 = l + 139 - 218. What is the remainder when l is divided by b?
19
Suppose 2*d - 380 = -302. Calculate the remainder when d is divided by -1*(1 - 0) - -22.
18
Suppose t + 3*m - 112 = 0, m + 308 - 212 = t. What is the remainder when 367 is divided by t?
67
Suppose 38*m + 2875 = 153*m. What is the remainder when 58 is divided by m?
8
Let x = 368 - 316. Calculate the remainder when 142 is divided by x.
38
Let p = -35 - -30. Calculate the remainder when 83 is divided by (-3 + (p - 4))*-1.
11
Let b = 51 + -29. Let p(g) = -22*g - 4. Let s be p(-8). Suppose 4*v - 8*v = -s. What is the remainder when v is divided by b?
21
Let k(l) = -3*l. Let t = -25 + 24. Suppose -2*s = -11 - 15. What is the remainder when s is divided by k(t)?
1
Suppose -1173 - 1070 = -5*z + h, 4*h = -z + 457. Calculate the remainder when z is divided by 153.
143
What is the remainder when 418 is divided by 148/(-518) - (-984)/14?
68
Suppose -c + 3 + 1 = 0. Suppose 0 = 2*u + 4*j - 8, 0 = -u - 3*j + c*j + 19. Calculate the remainder when 109 is divided by u.
11
Let a(c) = c + 12. Let k be a(-4). Suppose k*w = 6*w + 52. Suppose -181 = -2*t + 5*x + 11, 0 = 5*x - 10. Calculate the remainder when t is divided by w.
23
Let r(k) = 56*k + 65. Calculate the remainder when r(7) is divided by 66.
61
Let s = -14 - -3. Let z = -10 - s. Calculate the remainder when 3 is divided by z.
0
Let d(y) = y**2 + 10*y + 15. What is the remainder when d(8) is divided by 10?
9
Suppose -3*m + 1575 = 5*u, 7*m - 5*u = 9*m - 1045. Calculate the remainder when m is divided by 9.
8
Let i(h) = h**3 + 5*h**2 - 4*h + 5. Let n be ((-24)/9 - -2)*3. Let s be (-3 + 2)*n - 7. Calculate the remainder when i(s) is divided by 14.
11
Let w be (-28)/(1 - -3) - -1. Let q = w - -9. What is the remainder when 77 is divided by -2 + 0 + 54/q?
13
Let o = -53 - -56. Suppose 4*v + 20 = 0, i - 3*v - 75 = -o*i. Calculate the remainder when 102 is divided by i.
12
Suppose 4*a + 0*a = -140. Let i = -29 - a. Calculate the remainder when i is divided by 2.
0
Suppose 9*t - 48 = 3*t. Suppose -3*q + t = 4*h, 2*h - q + 3 = 17. Calculate the remainder when 17 is divided by h.
2
Let x(p) = 7*p**2 + p. Let i be 14 - (-4)/(-6 + 2). Let c = i - 12. Calculate the remainder when 14 is divided by x(c).
6
Let i = -1628 + 1651. What is the remainder when 225 is divided by i?
18
Let g(b) = -2*b**3 + 3*b**2 + 2. Let o be g(4). Let i = 28 - o. Calculate the remainder when i is divided by 18.
16
Let s(b) = 2 + 8 - 7*b + 2. Let a = 1 - 6. Calculate the remainder when s(a) is divided by 12.
11
Let i = -2084 - -2097. Calculate the remainder when 38 is divided by i.
12
Let j(q) = q**3 - 15*q**2 + 35*q - 53. Calculate the remainder when j(13) is divided by 46.
18
Suppose -112*d = -102*d - 6210. Calculate the remainder when d is divided by 14.
5
Calculate the remainder when 661 is divided by (-27 + 1)*7/(-14).
11
Let w(l) = -l. Let u be w(-4). Suppose 4*f - 35 = -j, -3*j = -u*f - 21 - 20. Suppose 6*v + j = 85. Calculate the remainder when 54 is divided by v.
10
What is the remainder when 466 is divided by (2/(-40)*-10)/(2/376)?
90
Suppose -48*b = -43*b - 440. What is the remainder when b is divided by 29?
1
Suppose 841 = 7*n + 435. Calculate the remainder when 168 is divided by n.
52
Suppose -4*g + 312 = -5*q, 196 = 4*g + q - 116. Suppose -3*l + g = -6*l. Calculate the remainder when -6*(-4)/(-8) - l is divided by 6.
5
Let z = -5 - -8. Let m(b) = 5*b + 55. What is the remainder when m(-9) is divided by z?
1
Let a(g) = 9*g**2 - 6*g + 10. Suppose 4*n + 83 = 5*o, o + 3*n = 5*o - 66. What is the remainder when a(3) is divided by o?
13
Calculate the remainder when 33 is divided by 0 - (-64)/(3 + 1).
1
What is the remainder when 306 is divided by (-4)/(-38) + 3 + 3311/133?
26
Suppose 14*d = 10*d + 72. What is the remainder when 196 is divided by d?
16
Suppose -2*d + 19 = 3. Let u be -165*(-4 + (-24)/(-18)). Suppose -u = -18*o - 2*o. Calculate the remainder when o is divided b